{"id":18,"date":"2018-10-05T13:26:09","date_gmt":"2018-10-05T13:26:09","guid":{"rendered":"https:\/\/www.ferienhaus-sonnalp.at\/?page_id=18"},"modified":"2022-05-05T07:21:12","modified_gmt":"2022-05-05T07:21:12","slug":"kontakt","status":"publish","type":"page","link":"https:\/\/www.ferienhaus-sonnalp.at\/index.php\/kontakt\/","title":{"rendered":"Kontakt"},"content":{"rendered":"<h3><\/h3>\n<h3>Ferienhaus Sonnalp<br \/>\nSonderdach &#8211; Bezau &#8211; Vorarlberg<br \/>\n\u00d6sterreich<\/h3>\n<p>Ralph Broger<br \/>\nSandriese 548 b<br \/>\n6870 Bezau<br \/>\n\u00d6sterreich<\/p>\n<p>E-Mail: <a href=\"mailto:info@ferienhaus-sonnalp.at\">info@ferienhaus-sonnalp.at<\/a><br \/>\nTelefon: +43 (0)5514 30082<\/p>\n<p>B\u00fcrozeiten: Montag bis Freitag von 8 bis 17 Uhr<\/p>\n<p>Grunds\u00e4tzlich bevorzugen wir den Kontakt per E-Mail.<br \/>\nWir freuen uns, von Ihnen zu lesen!<\/p>\n<div class=\"Styled__Content-ljYSeB fHyExI\" data-e2e=\"content\">\n<div class=\"Styled__MainColumn-gsUHxR cLXHKp\" data-e2e=\"mainColumn\">\n<p class=\"Styled__P-jvZvVt gKqIfp\"><b>Ihre Gastgeber Familie Broger<br \/>\n<\/b><\/p>\n<\/div>\n<\/div>\n<h3><\/h3>\n","protected":false},"excerpt":{"rendered":"<p>Ferienhaus Sonnalp Sonderdach &#8211; Bezau &#8211; Vorarlberg \u00d6sterreich Ralph Broger Sandriese 548 b 6870 Bezau \u00d6sterreich E-Mail: info@ferienhaus-sonnalp.at Telefon: +43 (0)5514 30082 B\u00fcrozeiten: Montag bis Freitag von 8 bis 17 [&hellip;]<\/p>\n","protected":false},"author":1,"featured_media":0,"parent":0,"menu_order":0,"comment_status":"closed","ping_status":"closed","template":"","meta":{"footnotes":""},"class_list":["post-18","page","type-page","status-publish","hentry"],"_links":{"self":[{"href":"https:\/\/www.ferienhaus-sonnalp.at\/index.php\/wp-json\/wp\/v2\/pages\/18","targetHints":{"allow":["GET"]}}],"collection":[{"href":"https:\/\/www.ferienhaus-sonnalp.at\/index.php\/wp-json\/wp\/v2\/pages"}],"about":[{"href":"https:\/\/www.ferienhaus-sonnalp.at\/index.php\/wp-json\/wp\/v2\/types\/page"}],"author":[{"embeddable":true,"href":"https:\/\/www.ferienhaus-sonnalp.at\/index.php\/wp-json\/wp\/v2\/users\/1"}],"replies":[{"embeddable":true,"href":"https:\/\/www.ferienhaus-sonnalp.at\/index.php\/wp-json\/wp\/v2\/comments?post=18"}],"version-history":[{"count":16,"href":"https:\/\/www.ferienhaus-sonnalp.at\/index.php\/wp-json\/wp\/v2\/pages\/18\/revisions"}],"predecessor-version":[{"id":333,"href":"https:\/\/www.ferienhaus-sonnalp.at\/index.php\/wp-json\/wp\/v2\/pages\/18\/revisions\/333"}],"wp:attachment":[{"href":"https:\/\/www.ferienhaus-sonnalp.at\/index.php\/wp-json\/wp\/v2\/media?parent=18"}],"curies":[{"name":"wp","href":"https:\/\/api.w.org\/{rel}","templated":true}]}}

<h3></h3>
<h3>Ferienhaus Sonnalp<br />
Sonderdach &#8211; Bezau &#8211; Vorarlberg<br />
Österreich</h3>
<p>Ralph Broger<br />
Sandriese 548 b<br />
6870 Bezau<br />
Österreich</p>
<p>E-Mail: <a href="mailto:info@ferienhaus-sonnalp.at">info@ferienhaus-sonnalp.at</a><br />
Telefon: +43 (0)5514 30082</p>
<p>Bürozeiten: Montag bis Freitag von 8 bis 17 Uhr</p>
<p>Grundsätzlich bevorzugen wir den Kontakt per E-Mail.<br />
Wir freuen uns, von Ihnen zu lesen!</p>
<div class="Styled__Content-ljYSeB fHyExI" data-e2e="content">
<div class="Styled__MainColumn-gsUHxR cLXHKp" data-e2e="mainColumn">
<p class="Styled__P-jvZvVt gKqIfp"><b>Ihre Gastgeber Familie Broger<br />
</b></p>
</div>
</div>
<h3></h3>

<p>Ferienhaus Sonnalp Sonderdach &#8211; Bezau &#8211; Vorarlberg Österreich Ralph Broger Sandriese 548 b 6870 Bezau Österreich E-Mail: info@ferienhaus-sonnalp.at Telefon: +43 (0)5514 30082 Bürozeiten: Montag bis Freitag von 8 bis 17 [&hellip;]</p>
