{"id":6,"date":"2018-10-05T13:24:38","date_gmt":"2018-10-05T13:24:38","guid":{"rendered":"https:\/\/www.ferienhaus-sonnalp.at\/?page_id=6"},"modified":"2020-04-08T13:42:35","modified_gmt":"2020-04-08T13:42:35","slug":"anreise","status":"publish","type":"page","link":"https:\/\/www.ferienhaus-sonnalp.at\/index.php\/anreise\/","title":{"rendered":"Die Umgebung"},"content":{"rendered":"<p>Sie finden s\u00e4mtliche Informationen \u00fcber die idyllische Berglandschaft, die Alpwirtschaft, gef\u00fchrte Wanderungen, Berggeschichten und vieles mehr auf unserer Gastfreund-Seite: <a href=\"https:\/\/portal.gastfreund.net\/ferienhaus-sonnalp\">https:\/\/portal.gastfreund.net\/ferienhaus-sonnalp<\/a>.<\/p>\n<p>&nbsp;<\/p>\n<h1><b>Der Bregenzerwald<\/b><\/h1>\n<p>&nbsp;<\/p>\n<p>Natur, Tradition und Vielfalt &#8211; daf\u00fcr steht der Bregenzerwald mit seinen rund 24 malerischen D\u00f6rfern. Auf diversen Wander- und Themenwegen genie\u00dfen Sie die frische Bergluft und erfahren nebenbei Wissenswertes \u00fcber die Region. Bewirtschaftete Alpen laden in den warmen Monaten zu einer z\u00fcnftigen Brotzeit ein. Im Winter sausen Sie die Pisten der vielen Skigebiete der Region hinunter. Knapp 260 Pistenkilometer warten auf Sie!<\/p>\n<p>Besonders hinweisen m\u00f6chten wir Sie auf die \u201e<strong>Inclusiv-Card-Bregenzerwald<\/strong>\u201c, die alle G\u00e4ste ab drei N\u00e4chtigungen <strong>gratis<\/strong> erhalten. Mit der Inclusiv-Card k\u00f6nnen die \u00f6ffentlichen Verkehrsmittel, die Sommerbergbahnen und die Freib\u00e4der in der Region Bregenzerwald kostenlos ben\u00fctzt werden. Dieses Angebot gilt von 1.Mai bis 31.Oktober.<\/p>\n<p>&nbsp;<\/p>\n<h2><strong>Das Vors\u00e4\u00df Sonderdach<\/strong><\/h2>\n<p>Die Sonnalp befindet sich auf dem Vors\u00e4\u00df Sonderdach in Bezau, dem Hauptort des Bregenzerwaldes. Die Gemeinschafts-Vors\u00e4\u00dfe mit ihren dorf\u00e4hnlichen H\u00fcttenansammlungen geh\u00f6ren zu den Besonderheiten der Region.\u00a0Betriebswirtschaftlich ist auch das Sonderdach eine Stufe zwischen dem \u201eHeimgut\u201c im Tal und den \u201eAlpen\u201c im Gebirge. F\u00fcr je etwa 4 Wochen im Fr\u00fchjahr und Herbst nutzen die Besitzer ihre Weideanteile. Im Sommer wird der Graswuchs geheut. W\u00e4hrend der Vors\u00e4\u00dfzeit weiden an die 70 K\u00fche, 30 St\u00fcck Jungvieh und einige Ziegen auf den gemeinschaftlichen Wiesen des Sonderdachs. In dieser Zeit wird auch eigener K\u00e4se hergestellt. Nutzen Sie die M\u00f6glichkeit einer K\u00e4severkostung in einer der bewirtschafteten H\u00fctten in der n\u00e4heren Umgebung. N\u00e4here Infos hierzu finden Sie auch unter <a href=\"http:\/\/www.kaesestrasse.at\/\" target=\"_blank\" rel=\"noopener noreferrer\">http:\/\/www.kaesestrasse.at.<\/a><\/p>\n<p>&nbsp;<\/p>\n<h2><b>Ski- und Wandergebiet Niedere<\/b><\/h2>\n<p>F\u00e4hrt man mit der Seilbahn bis ganz hinauf, so erreicht man die Bergstation Baumgarten und somit das Ski- und Wandergebiet der Niedere. Mit Blick bis zum Bodensee, variantenreichen Wanderwegen und vielen weiteren sportlichen Aktivit\u00e4ten hat man hier unz\u00e4hlige M\u00f6glichkeiten, die Natur zu genie\u00dfen. Ein modernes Panoramarestaurant sowie die vielen bewirtschafteten Alph\u00fctten sorgen auch f\u00fcr ein kulinarisches Erlebnis.<\/p>\n<p>Ab dem Sonderdach erschlie\u00dfen sich zahlreiche kleinere und gr\u00f6\u00dfere Wanderungen. F\u00fcr weitere Infos steht Ihnen unser Wanderf\u00fchrer Pius gerne zur Verf\u00fcgung: <a href=\"http:\/\/www.pius-natur.at\/\" target=\"_blank\" rel=\"noopener noreferrer\">http:\/\/www.pius-natur.at<\/a><\/p>\n<p>&nbsp;<\/p>\n<h2>Gleitschirmschule<\/h2>\n<p>Die Flugschule Bregenzerwald bildet seit dem Beginn des Gleitschirmfliegens Piloten in einem daf\u00fcr optimalen Gel\u00e4nde aus. Der \u00dcbungshang und die H\u00f6henfluggel\u00e4nde bieten unbegrenzte M\u00f6glichkeiten, Startpl\u00e4tze in fast alle Himmelsrichtungen, einen wundersch\u00f6nen Blick in den Bregenzerwald, dessen Berge und die Bodenseeregion. Ein einmaliges und unvergessliches Erlebnis ist ein Tandemflug mit einem erfahrenen Piloten der Flugschule Bregenzerwald. Informationen, Preise, Buchungsm\u00f6glichkeiten finden Sie direkt auf der Homepage: <a href=\"http:\/\/www.gleitschirmschule.at\/\" target=\"_blank\" rel=\"noopener noreferrer\">http:\/\/www.gleitschirmschule.at<\/a><\/p>\n<p>&nbsp;<\/p>\n<h2>Rodeln<\/h2>\n<p>Als besondere Attraktion gilt die Naturrodelbahn w\u00e4hrend der Wintersaison von Baumgarten auf das Sonderdach, wie auch von Sonderdach ins Tal. Die Seilbahn Bezau bietet hierf\u00fcr auch einen Rodelverleih an.<\/p>\n<p>&nbsp;<\/p>\n<div>\n<h2>Outdoor \u2013 Aktiv Zentrum Brgenzerwald<\/h2>\n<p>Ob Rafting, Canyoning, Bungee Jumping oder H\u00f6hlenwanderung. Bei unserem Outdoor-Partner Aktiv Zentrum Bregenzerwald finden Sie sicher ein passendes Angebot! <a href=\"http:\/\/www.aktiv-zentrum.at\/\" target=\"_blank\" rel=\"noopener noreferrer\">http:\/\/www.aktiv-zentrum.at<\/a><\/p>\n<\/div>\n","protected":false},"excerpt":{"rendered":"<p>Sie finden s\u00e4mtliche Informationen \u00fcber die idyllische Berglandschaft, die Alpwirtschaft, gef\u00fchrte Wanderungen, Berggeschichten und vieles mehr auf unserer Gastfreund-Seite: https:\/\/portal.gastfreund.net\/ferienhaus-sonnalp. &nbsp; Der Bregenzerwald &nbsp; Natur, Tradition und Vielfalt &#8211; daf\u00fcr [&hellip;]<\/p>\n","protected":false},"author":1,"featured_media":0,"parent":0,"menu_order":0,"comment_status":"closed","ping_status":"closed","template":"","meta":{"footnotes":""},"class_list":["post-6","page","type-page","status-publish","hentry"],"_links":{"self":[{"href":"https:\/\/www.ferienhaus-sonnalp.at\/index.php\/wp-json\/wp\/v2\/pages\/6","targetHints":{"allow":["GET"]}}],"collection":[{"href":"https:\/\/www.ferienhaus-sonnalp.at\/index.php\/wp-json\/wp\/v2\/pages"}],"about":[{"href":"https:\/\/www.ferienhaus-sonnalp.at\/index.php\/wp-json\/wp\/v2\/types\/page"}],"author":[{"embeddable":true,"href":"https:\/\/www.ferienhaus-sonnalp.at\/index.php\/wp-json\/wp\/v2\/users\/1"}],"replies":[{"embeddable":true,"href":"https:\/\/www.ferienhaus-sonnalp.at\/index.php\/wp-json\/wp\/v2\/comments?post=6"}],"version-history":[{"count":14,"href":"https:\/\/www.ferienhaus-sonnalp.at\/index.php\/wp-json\/wp\/v2\/pages\/6\/revisions"}],"predecessor-version":[{"id":318,"href":"https:\/\/www.ferienhaus-sonnalp.at\/index.php\/wp-json\/wp\/v2\/pages\/6\/revisions\/318"}],"wp:attachment":[{"href":"https:\/\/www.ferienhaus-sonnalp.at\/index.php\/wp-json\/wp\/v2\/media?parent=6"}],"curies":[{"name":"wp","href":"https:\/\/api.w.org\/{rel}","templated":true}]}}

<p>Sie finden sämtliche Informationen über die idyllische Berglandschaft, die Alpwirtschaft, geführte Wanderungen, Berggeschichten und vieles mehr auf unserer Gastfreund-Seite: <a href="https://portal.gastfreund.net/ferienhaus-sonnalp">https://portal.gastfreund.net/ferienhaus-sonnalp</a>.</p>
<p>&nbsp;</p>
<h1><b>Der Bregenzerwald</b></h1>
<p>&nbsp;</p>
<p>Natur, Tradition und Vielfalt &#8211; dafür steht der Bregenzerwald mit seinen rund 24 malerischen Dörfern. Auf diversen Wander- und Themenwegen genießen Sie die frische Bergluft und erfahren nebenbei Wissenswertes über die Region. Bewirtschaftete Alpen laden in den warmen Monaten zu einer zünftigen Brotzeit ein. Im Winter sausen Sie die Pisten der vielen Skigebiete der Region hinunter. Knapp 260 Pistenkilometer warten auf Sie!</p>
<p>Besonders hinweisen möchten wir Sie auf die „<strong>Inclusiv-Card-Bregenzerwald</strong>“, die alle Gäste ab drei Nächtigungen <strong>gratis</strong> erhalten. Mit der Inclusiv-Card können die öffentlichen Verkehrsmittel, die Sommerbergbahnen und die Freibäder in der Region Bregenzerwald kostenlos benützt werden. Dieses Angebot gilt von 1.Mai bis 31.Oktober.</p>
<p>&nbsp;</p>
<h2><strong>Das Vorsäß Sonderdach</strong></h2>
<p>Die Sonnalp befindet sich auf dem Vorsäß Sonderdach in Bezau, dem Hauptort des Bregenzerwaldes. Die Gemeinschafts-Vorsäße mit ihren dorfähnlichen Hüttenansammlungen gehören zu den Besonderheiten der Region. Betriebswirtschaftlich ist auch das Sonderdach eine Stufe zwischen dem „Heimgut“ im Tal und den „Alpen“ im Gebirge. Für je etwa 4 Wochen im Frühjahr und Herbst nutzen die Besitzer ihre Weideanteile. Im Sommer wird der Graswuchs geheut. Während der Vorsäßzeit weiden an die 70 Kühe, 30 Stück Jungvieh und einige Ziegen auf den gemeinschaftlichen Wiesen des Sonderdachs. In dieser Zeit wird auch eigener Käse hergestellt. Nutzen Sie die Möglichkeit einer Käseverkostung in einer der bewirtschafteten Hütten in der näheren Umgebung. Nähere Infos hierzu finden Sie auch unter <a href="http://www.kaesestrasse.at/" target="_blank" rel="noopener noreferrer">http://www.kaesestrasse.at.</a></p>
<p>&nbsp;</p>
<h2><b>Ski- und Wandergebiet Niedere</b></h2>
<p>Fährt man mit der Seilbahn bis ganz hinauf, so erreicht man die Bergstation Baumgarten und somit das Ski- und Wandergebiet der Niedere. Mit Blick bis zum Bodensee, variantenreichen Wanderwegen und vielen weiteren sportlichen Aktivitäten hat man hier unzählige Möglichkeiten, die Natur zu genießen. Ein modernes Panoramarestaurant sowie die vielen bewirtschafteten Alphütten sorgen auch für ein kulinarisches Erlebnis.</p>
<p>Ab dem Sonderdach erschließen sich zahlreiche kleinere und größere Wanderungen. Für weitere Infos steht Ihnen unser Wanderführer Pius gerne zur Verfügung: <a href="http://www.pius-natur.at/" target="_blank" rel="noopener noreferrer">http://www.pius-natur.at</a></p>
<p>&nbsp;</p>
<h2>Gleitschirmschule</h2>
<p>Die Flugschule Bregenzerwald bildet seit dem Beginn des Gleitschirmfliegens Piloten in einem dafür optimalen Gelände aus. Der Übungshang und die Höhenfluggelände bieten unbegrenzte Möglichkeiten, Startplätze in fast alle Himmelsrichtungen, einen wunderschönen Blick in den Bregenzerwald, dessen Berge und die Bodenseeregion. Ein einmaliges und unvergessliches Erlebnis ist ein Tandemflug mit einem erfahrenen Piloten der Flugschule Bregenzerwald. Informationen, Preise, Buchungsmöglichkeiten finden Sie direkt auf der Homepage: <a href="http://www.gleitschirmschule.at/" target="_blank" rel="noopener noreferrer">http://www.gleitschirmschule.at</a></p>
<p>&nbsp;</p>
<h2>Rodeln</h2>
<p>Als besondere Attraktion gilt die Naturrodelbahn während der Wintersaison von Baumgarten auf das Sonderdach, wie auch von Sonderdach ins Tal. Die Seilbahn Bezau bietet hierfür auch einen Rodelverleih an.</p>
<p>&nbsp;</p>
<div>
<h2>Outdoor – Aktiv Zentrum Brgenzerwald</h2>
<p>Ob Rafting, Canyoning, Bungee Jumping oder Höhlenwanderung. Bei unserem Outdoor-Partner Aktiv Zentrum Bregenzerwald finden Sie sicher ein passendes Angebot! <a href="http://www.aktiv-zentrum.at/" target="_blank" rel="noopener noreferrer">http://www.aktiv-zentrum.at</a></p>
</div>

<p>Sie finden sämtliche Informationen über die idyllische Berglandschaft, die Alpwirtschaft, geführte Wanderungen, Berggeschichten und vieles mehr auf unserer Gastfreund-Seite: https://portal.gastfreund.net/ferienhaus-sonnalp. &nbsp; Der Bregenzerwald &nbsp; Natur, Tradition und Vielfalt &#8211; dafür [&hellip;]</p>
